= z**3 + 6*z**2 - 9*z - 4. Let y be c(-7). Let u be -1*((-4)/20)/(2/y). What is i(u)?
10
Suppose -5*m + 10 = -5*r, -r - r = m - 2. Let i be 3 - (6 + -10 + r + 9). Let o(v) = 4*v + 4. What is o(i)?
-4
Suppose 0*j = 2*j + 52. Let c = -52 - j. Let g = -19 - c. Let h(w) = -w**3 + 6*w**2 + 6*w + 10. What is h(g)?
3
Suppose 4*v - 21 = -5. Let l(c) = 45*c**3 - 44*c**3 + 2*c - 3 - 9 - 5*c**2 + 16. Give l(v).
-4
Let w(k) = -21 + 27*k**2 - 34*k**2 + 6 + 21*k. Let n(r) = r**2 - 2*r + 1. Let x(d) = 6*n(d) + w(d). Calculate x(6).
9
Let l = 8 - 5. Let o = -7276 + 7281. Let j(k) = l*k + 5*k**2 - o - 4*k**2 - k + 4*k. Give j(-5).
-10
Suppose -43*d - 12 = -47*d. Suppose 18 + 16 = 2*w + 4*g, d*w = 3*g + 6. Let j(o) = o**2 - 6*o - 8. Give j(w).
-1
Let d(y) be the first derivative of -1/4*y**4 + 3*y + 68 - 1/2*y**2 - 5/3*y**3. Calculate d(-3).
-12
Let v(a) = -21*a + 4. Suppose -3*t = -12 - 93. Let b(o) = 189*o - 35. Let g(p) = t*v(p) + 4*b(p). Let q(i) = -i**2 - 45*i - 325. Let y be q(-9). Calculate g(y).
-21
Let b be (-18)/(-5) + -6 + (-216)/(-40). Suppose 3 = -b*z - 21. Let k be (20/15)/(z/(-6)). Let r(u) = 3*u**3 - u + 1. What is r(k)?
3
Let f(m) be the second derivative of 1/4*m**4 + 0 - 4*m - 17/6*m**3 + 5/2*m**2. Let c(y) = y**2 - 8*y + 3. Let l(z) = 5*c(z) - 2*f(z). Give l(-6).
5
Let l(i) = 8*i**2 + i - 3. Suppose -9 - 80 + 43 = 23*g. What is l(g)?
27
Suppose -4*p = -t + 3*t - 1962, 3*t + 1449 = 3*p. Let v = 2972 + -2970. Let b(i) = 5*i - 2*i**v - 3*i**2 - 487*i**3 + p*i**3. What is b(4)?
4
Let f(v) = -v**2 + 11*v - 16. Let x be f(9). Let n(o) = 4*o + 12*o**2 - 9*o**x + 8 - 4*o**2. Suppose 0*y - 2*y + 12 = 0. What is n(y)?
-4
Let a = 36 - 46. Let j(c) = c**3 + 11*c**2 + 8*c - 18. Let n be j(-10). Let k(w) = 5 - 14*w**2 + 37*w**n - 10*w - 24*w**2. Give k(a).
5
Suppose 0*x + x + 1 = -s, -5*x + s = -19. Let a(l) = 27*l - 17. Let d(f) = 8*f - 5. Let i(t) = -2*a(t) + 7*d(t). Give i(x).
5
Let u(g) = -6*g + 36. Let i = -6314 - -6321. What is u(i)?
-6
Let m = 14 + -18. Let d be 1/(-2*m/32). Let u(i) = -5*i - 2*i + 6*i - 4 + 5*i**2 - d*i**2. What is u(-4)?
16
Let f(t) = 12*t + 13*t - 14*t - 40 - 34*t + 12*t. What is f(-5)?
15
Let i(v) = -v**2 + 2*v - 1. Suppose 3*w = 5*q - 58, -15 = -q - 0*w + 4*w. Suppose 13*m + 4 = q*m. Let r be ((-36)/(-48))/(m/(-8)). Determine i(r).
-4
Let r(f) = -3*f**2 - 16*f + 5. Let v = -13061 - -13057. Calculate r(v).
21
Let i(w) = -3*w**3 + 16*w**2 + 101*w + 340. Let k(h) = 2*h**3 - 6*h**2 - 67*h - 227. Let j(f) = 5*i(f) + 7*k(f). Determine j(39).
-6
Let s(v) = -2*v**2 + v - 3 + 1 + v**2. Let g = -36403 - -36409. What is s(g)?
-32
Let w(v) be the third derivative of v**6/120 - 37*v**5/60 + v**4/8 - 52*v**3/3 - 1857*v**2. What is w(37)?
7
Let g = -437 + 413. Let y be (-7)/(56/g) - 1. Let x(s) = 0 + 0 - 2 - s + 4*s**2. What is x(y)?
12
Let i(q) = -q**2 + 13*q + 24. Let d(a) = a**3 + 0*a**3 + 2223 - 2282 + 39*a + 36*a**2 - 2*a**3. Let h be d(37). Give i(h).
-6
Let w(r) = r + 11. Let c = -22 - -28. Suppose 6 = 2*x, -m - x - 3*x = -c. Calculate w(m).
5
Let f(m) = -m**3 - 11*m**2 - 12*m + 44. Let a be f(-9). Let t(j) = -j**3 - 8*j**2 + 23*j + 31. What is t(a)?
1
Suppose 0 = 5*w + 30, 3*o + 364*w - 368*w = -45. Let d(i) = -13*i - 296. Give d(o).
3
Let l(b) = 7*b + 38. Let n be l(-6). Let v(g) = -5*g**2 + 3*g - 1. Let m(r) = 6*r**2 - 4*r + 1. Let q(p) = n*m(p) - 5*v(p). Determine q(-3).
7
Let t(g) = -4*g + 21. Suppose 7030*d = 7036*d - 30. Calculate t(d).
1
Let s = -1892 - -1887. Let d(l) = -l**3 - 6*l**2 - 5*l + 11. Calculate d(s).
11
Suppose 543 = 3*a - 3*k, -4*k + 82 = a - 119. Let j(z) = -91*z - 92*z + a*z. Determine j(0).
0
Let i(f) be the third derivative of 2*f**5/5 - f**4/24 + 3*f**2. Let n = -12320 - -12319. Calculate i(n).
25
Suppose -3549*b + 3511*b - 646 = 0. Let k(i) = -2*i**2 - 32*i + 14. What is k(b)?
-20
Let p = 134 + -187. Let h = -60 - p. Let q(o) = o + 9. Let g be q(h). Let m(s) = -5*s**2 - 2. Calculate m(g).
-22
Suppose 7*i = 166 - 19. Let n be (-9)/i + (-34)/(-14). Let q(o) = 53*o**2 - 10 - 24*o**n - 28*o**2. Calculate q(0).
-10
Let a(t) = t**2 - 6*t - 13. Suppose -j + 2 = 2*w, -3*w + 256 = -4*j + 297. Determine a(j).
3
Let j = -173040 - -173044. Let q(m) be the first derivative of -m**4/4 + m**3 + 3*m**2/2 - 1. What is q(j)?
-4
Suppose 79*w - 59*w = -320. Let n(x) = x**3 + 15*x**2 - 14*x + 13. Give n(w).
-19
Let u = 482 + -479. Let b(s) = -17*s + 8. Let p(c) = -8*c + 4. Let x(k) = -6*b(k) + 13*p(k). Determine x(u).
-2
Let k(w) = w**2 - 13*w + 16. Let j = -2789 - -2800. Calculate k(j).
-6
Let w(l) = -5*l + 57. Let r be w(11). Let v(x) = 25*x - 6 + 0 + r - 20*x - x**2. Give v(4).
0
Let d be ((-4)/1)/2*(-3 + 31). Let o be (-1 - -1) + (d - (5 + -9)). Let r = 49 + o. Let a(g) = 2*g**2 - 2*g - 1. What is a(r)?
23
Let q be ((-554)/(-3))/(-4*4/(-24)). Let o = q - 278. Let b(s) = 2*s + 2. What is b(o)?
0
Let z(h) be the second derivative of -h**5/20 - h**4/3 - h**3/3 + 3*h**2/2 + 349*h + 3. Give z(-3).
0
Let v(r) = -19*r**2 + 6*r + 10. Let y(k) = 4*k**2 - k - 3. Let n(p) = v(p) + 5*y(p). Let a be (-1)/3 + 14/(-3). Calculate n(a).
15
Let y(p) be the second derivative of -p**6/120 - 3*p**5/20 - p**4/3 - p**3 - 41*p**2/2 + 9*p + 2. Let h(c) be the first derivative of y(c). Give h(-8).
-6
Let v(l) = -l**2 + 2*l - 10. Let t(z) = 25*z + 481. Let s be t(-19). Calculate v(s).
-34
Let t(x) be the first derivative of -27/2*x**2 - 28 + 1/12*x**4 + 0*x**3 + 0*x. Let l(u) be the second derivative of t(u). Give l(6).
12
Let p(m) = -19*m + m**3 + m - 13 - 6*m + 3*m**2 + 20*m. Calculate p(-3).
-1
Let q(n) be the second derivative of -n**4/12 - n**3/2 - 3*n**2/2 - 33*n. What is q(-5)?
-13
Let g(l) = -2*l + 2*l + 9 + 3 + 3*l. Let x be 2*26/(468/(-54)). Give g(x).
-6
Suppose -3*z = z - 8. Let w(v) = 6*v**z + 0 - 1 - v**3 + 8*v + 7 - 1. Let y(b) = -b**2 - 68*b + 967. Let h be y(12). Give w(h).
12
Let d(j) = 7*j**3 + 16*j**2 + 8*j + 31. Let t(q) = -15*q**3 - 35*q**2 - 16*q - 68. Let w(o) = -13*d(o) - 6*t(o). Calculate w(3).
-28
Let h(c) = -2*c**2 + 15*c - 15. Let i be h(6). Suppose b + 23 = i*d - 7, d = -3*b. Let q(w) = 2*w + 9. Give q(d).
27
Let i(y) = -2 - 5 + y**2 - 5*y + 2. Let w = 4699 - 4692. What is i(w)?
9
Let o(p) = 8. Let c(w) = -2*w + 7. Let j = 212 + -215. Let a(s) = j*o(s) + 2*c(s). Determine a(-4).
6
Let o be 540/162*18/10. Let u(l) = -l**2 - 25*l + 191. Let k be u(o). Let f(v) = 3*v + 1. Calculate f(k).
16
Let p(k) be the third derivative of k**7/2520 + k**6/720 - k**5/120 - k**4/8 + k**3/6 + 3*k**2 + 1. Let l(q) be the second derivative of p(q). Determine l(-5).
19
Suppose -2753 + 11497 = 8*x. Let u(c) = -x*c + 4 + c**2 + 1093*c. Calculate u(0).
4
Let o(f) = -f**3 - 4*f**2 - f - 3. Let b be (4/14)/(-1) + (-1560)/420. Determine o(b).
1
Let b(g) = -93*g - 651. Let u = 25360 + -25367. What is b(u)?
0
Let w(k) = 56996*k**3 - 24 - 56997*k**3 - 28*k**2 - k + k**2. What is w(-27)?
3
Suppose 3*g + 2*i - 56 = -75, -5*g - i - 41 = 0. Let n(f) = f**3 + 5*f**2 - 38*f + 13. Determine n(g).
31
Let x(u) = 9*u**3 + 2*u**2 - 15*u + 61. Let l(o) = 3*o**3 + o**2 - 5*o + 17. Let j(y) = -7*l(y) + 2*x(y). What is j(-3)?
42
Suppose 158*j - 4*x + 9 = 161*j, 35 = -j + 5*x. Let a(y) = y**2 - 5*y - 10. Give a(j).
40
Let f(d) be the third derivative of 0 + 104*d**2 + 0*d**3 + 0*d - 1/120*d**6 - 1/20*d**5 + 0*d**4. Determine f(-3).
0
Let m(k) be the second derivative of k**5/20 - 11*k**4/12 - 29*k**3/6 + 39*k**2/2 + 1447*k. Determine m(13).
0
Let l(u) = -50*u + 2500. Let m be l(50). Let c(i) = -6*i + 44. Give c(m).
44
Let r(c) = -12*c**3 + 3*c**2 - 9*c + 35. Let x(q) = -5*q**3 + q**2 - 4*q + 13. Let w(j) = -2*r(j) + 5*x(j). Determine w(-3).
19
Let q(a) = 1448 - a - 2925 + 1465. Suppose 2*k - 5 = 5*b - 0, -5*b - 5 = 0. What is q(k)?
-12
Let r(m) = 7*m - 2. Suppose 1 = q + 2, 5*p = -3*q - 53. Let j(d) = 3*d - 1. Let y(f) = p*j(f) + 4*r(f). Determine y(7).
-12
Let q be 5 - -2*1/2. Let t(y) be the third derivative of -y**6/120 + 7*y**5/60 - 5*y**4/12 + 3*y**3/2 + 3981*y**2. What is t(q)?
-15
Let f(s) = s**2 + 5*s - 81. Let u be f(-11). Let y be (-25)/(-15)*-2*(-36)/u. Let k(j) = j - 5 + 4 - 2*j. What is k(y)?
7
Let s(u) = 3 + u + 2*u + u. Let c be (-18)/(-9)*37/2. Suppose 5*j = -3*h - c, -19*h + 20*h - j = 1. Give s(h).
-13
Let o(u) be the second derivative of u**6/